-6) + 2/w?
1
Let d(t) = t**3 + 5*t**2 + 5*t + 3. Let h be d(-3). Let n(y) = -y**3 + 10*y**2 - 11*y - 13. What is the tens digit of n(h)?
6
Let q(r) = 14*r - 4*r**2 - 2*r**2 - 1 + 0*r + 3*r**3. Let d(k) = -7*k**3 + 12*k**2 - 29*k + 3. Let m(f) = -4*d(f) - 9*q(f). What is the tens digit of m(-7)?
1
Suppose -6*g = -15050 + 1844. What is the tens digit of g?
0
Let l(n) be the first derivative of 11*n**2/2 + 40*n + 4. What is the tens digit of l(7)?
1
Let d = -267 - -511. Suppose 186 = 3*q + 2*j, -4*q = 3*j + j - d. What is the tens digit of q?
6
Let y be 2/(-4) + 3/(-6). Let k be (y + -2 - -3) + 2. Suppose -3*x = 2*x + 4*q + 1, -q = k*x - 2. What is the units digit of x?
3
Let n(s) = s**3 + 6*s**2 + 4*s - 7. Let v be n(-6). Let l = 63 + v. What is the tens digit of l?
3
What is the hundreds digit of (1/2*-10 + -796)*-1?
8
Suppose 4*q - 30 = 2*l, 5 = 3*q - 0*l + 2*l. Suppose -4*j - 2*a + 80 = -j, -q*j - 3*a = -134. What is the tens digit of j?
2
Let g(i) = -i**3 - i**2 + 19*i + 15. What is the hundreds digit of g(-10)?
7
Let p = -4 - -4. Suppose g - 83 = -p*g. Suppose -3*k + g = 11. What is the tens digit of k?
2
Suppose 4*f - 34 = g - 314, -4*f - 568 = -2*g. What is the hundreds digit of g?
2
Suppose -j = 2*t + 2, 3*t - j + 0 - 2 = 0. Let l(p) = p**2 + 216. What is the hundreds digit of l(t)?
2
Let r(s) = s**2 + 2*s - 50. Let j be r(0). What is the units digit of 20/j - (-934)/10?
3
Suppose -2*q = -o - 1432, 2*q - 2122 = -q - 5*o. What is the hundreds digit of q?
7
Let q be 18/(-12)*(-6 - -2). Suppose -q = 2*z - 10. What is the tens digit of (9/(-6) + z)*28?
1
Let v = -197 - -674. What is the units digit of v?
7
Suppose -2*b + 255 - 61 = 0. Suppose -t = 3*t - 204. Let m = b - t. What is the tens digit of m?
4
Suppose 1859*h + 348 = 1863*h. What is the units digit of h?
7
Suppose -4*f - 5*b = -0*b + 2, -3*b - 6 = 0. Suppose -4*z - f*v = -1078 - 4, 1345 = 5*z + v. What is the units digit of z?
8
Let t = -2178 + 4108. What is the tens digit of t?
3
Suppose -3*j = -5*a + 624, 13 + 2 = -5*j. What is the hundreds digit of a?
1
What is the hundreds digit of (-453)/(-6)*(-14 - -22)?
6
Let c(f) = -5*f**3 + 3*f**2 - 11*f - 85. What is the units digit of c(-5)?
0
Let p = -970 - -4211. What is the units digit of p?
1
Let l be 2/4 + 77/14. Let o(d) = -l*d**3 - d + d**2 + 15 - 1 + 3*d**3 + 2*d**3. What is the tens digit of o(0)?
1
Suppose 7 = 4*n + 23. Let j = n - -30. What is the units digit of j?
6
Let v = 6 - 4. Let l be 1*(v - (-70 + 3)). Let a = -48 + l. What is the tens digit of a?
2
Suppose 5*w - i + 78 + 13 = 0, 4*i = -4*w - 92. What is the tens digit of w*(3 + -1)*-2?
7
Suppose -5*g + 380 = -12*t + 7*t, -3*g - 3*t + 204 = 0. What is the tens digit of g?
7
Let r = -16 + 18. Suppose 2*w - 3*w + 102 = r*m, m - 1 = 0. What is the tens digit of (w/(-20))/((-2)/16)?
4
Suppose -2*c = -28*c + 7098. What is the units digit of c?
3
Let w = -4305 - -6884. What is the units digit of w?
9
Let c(k) = -k**3 - 5*k**2 - 7*k - 6. Let w be c(-4). Suppose 0 = -4*j + 2 + w. Suppose 3*y - 76 = j*u - u, u - 59 = -2*y. What is the tens digit of y?
2
Let f(a) = a**2 + 24*a - 362. What is the tens digit of f(-41)?
3
Let j(s) = 2*s + 1. Let p be j(1). Let k(n) = -2*n**3 + 7*n**2 - 3*n + 4. Let l be k(p). Let u(v) = -v**3 + 7*v**2 - 2*v + 1. What is the tens digit of u(l)?
4
Suppose -s = l - 4, s - 16 = 5*s. Suppose -d = -4*w + l - 32, -5*w = -d + 19. What is the units digit of d?
4
Suppose -164*m + 23180 = -145*m. What is the thousands digit of m?
1
Suppose -w + 5*g = -518, -3*w + 5*w + 2*g = 1060. What is the hundreds digit of w?
5
Let r = 805 + -473. What is the hundreds digit of r?
3
Suppose 4*q - 9 + 1 = 0, -5*q = 4*z - 2178. What is the tens digit of z?
4
Suppose 5*v = l - 75 - 44, 0 = 5*l + v - 465. Let r = l + -70. What is the tens digit of r?
2
What is the units digit of ((-1550)/40)/(2 + (-57)/28)?
5
Let m(k) = -397*k**2 - k. Let t be m(-1). Let j = -206 - t. What is the units digit of j?
0
Suppose -5*o + 4*m - 1756 + 10685 = 0, -2*m - 8937 = -5*o. What is the units digit of o?
9
Suppose -41*y = -14637 - 23821. What is the tens digit of y?
3
Suppose -2*d + 20 = 4*x + 8, 2*d = x + 2. Suppose -2*f + 54 = -5*i + d*i, 4*f = -i + 94. What is the units digit of 5/40 - (-1221)/f?
1
What is the units digit of (-440)/1540 + ((-4316)/14)/(-1)?
8
Let m(x) = 6*x + 142. Let l be m(0). Suppose 1 = -d, d + 195 = 4*w - l. What is the tens digit of w?
8
Suppose 2*v + 4*a = 10 + 8, 0 = -5*v - 4*a + 27. Suppose 9*i - 354 = v*i. What is the units digit of i?
9
Suppose -11458 = -8*y - 1890. What is the tens digit of y?
9
What is the tens digit of (1 + -4)*(6 - 46)?
2
Let w = 1311 + -681. What is the units digit of w?
0
What is the units digit of 4/(-14) - (-1296)/28?
6
Let r = 23 - -333. Suppose -181*n - r = -183*n. What is the hundreds digit of n?
1
Let o be -2 + 4 + (-4)/(-2). Let l be o - 3 - (-3)/(-1). Let w(u) = -10*u - 1. What is the tens digit of w(l)?
1
Let t(r) = 8*r**2 - 35*r - 88. What is the tens digit of t(20)?
1
Let m(d) = 17*d - 5. Let q be m(2). Suppose -3*c - 3*n = -22 - q, -5*c + 61 = -3*n. What is the tens digit of c?
1
Let h = 5 - 17. What is the units digit of (3 - h)*(-4)/(-6)?
0
Let p = -556 - -892. What is the tens digit of p?
3
Let o be -4*(-65)/20 - 4. Let v(m) = 7*m - 13. What is the tens digit of v(o)?
5
What is the units digit of 5/(-2) + (-80030)/(-212)?
5
Let n(d) = -d**3 - 8*d**2 - 8*d - 8. Let k be n(-8). Let i = -36 + k. Suppose -2*j = -2*c - j + i, 5*j = 0. What is the units digit of c?
0
Let o = -1626 + 3304. What is the thousands digit of o?
1
Let z(j) = -j**3 - 6*j**2 + 8*j + 9. Let v be z(-7). What is the tens digit of (44/16 - v)*60?
4
Suppose -m + 5*m = 244. Let w = 99 - m. What is the units digit of w?
8
Let c(x) = -12*x + 5. Let m be c(4). Let k be (-1)/(1 - (-44)/m). Suppose k = 2*q + n, -6*q + q + 3*n = -91. What is the tens digit of q?
2
Let x(t) = 12*t**2 + 4*t - 10. Let l be x(-5). Suppose -2*g - 5*b = 3*g - l, -4*b + 20 = 0. What is the units digit of g?
9
Let y = -45 + 43. What is the tens digit of 3/2*-17*y?
5
Suppose -z + 2 = 5*k - 2*z, k + z = 4. Suppose -2*u - 4*p + k + 3 = 0, -4*p = -2*u + 4. What is the tens digit of u*(-1)/6*-57?
1
Suppose s - 4*w + 5 = -8*w, 4*s + w = 40. Suppose 8*l - s*l = -96. What is the tens digit of l?
3
Let h(s) = -14*s**3 + 2*s**2 + 2*s - 2. Let i be h(-2). Suppose -133 = 3*q - 148. Suppose -3*c = -q*v - i, 5*c + 2*v + v = 190. What is the tens digit of c?
3
Let u = -27 - -33. Suppose -2 = 3*n + 2*q, 4*n - q + 5 = -6*q. Suppose n = u*k - k - 45. What is the units digit of k?
9
Let a be (2 + -3 + 0)/(31/1581). Let u = 318 + a. What is the hundreds digit of u?
2
Let k(n) = 3*n - 24. Suppose 6*v - 40 = 2*v. What is the units digit of k(v)?
6
Let q(n) = -67*n**3 + n**2 + 6*n + 5. What is the hundreds digit of q(-2)?
5
What is the hundreds digit of ((-4 - -4) + 50/(-4))*-292?
6
Let m be ((-8)/(64/8))/((-2)/(-32)). Let z(d) = -2*d**2. Let q be z(-1). What is the tens digit of ((-54)/(-8))/(q/m)?
5
Suppose 7*a = 8*a - 13. Suppose -a*r + 8*r = -590. What is the tens digit of r?
1
Suppose -4*m - 414 = -2134. What is the hundreds digit of m?
4
Let l = -3 - -32. Suppose 5*c - 4 = 3*c. Suppose -l = -c*r + 9. What is the units digit of r?
9
Suppose 3*z = 24*c - 19*c - 6732, 2*c - 5*z = 2689. What is the thousands digit of c?
1
Let z = -2751 + 3773. What is the hundreds digit of z?
0
Suppose -5*g = -4*g - 4. Suppose g + 44 = 8*n. What is the units digit of n?
6
Let d(x) be the third derivative of x**5/60 + 5*x**4/12 + 3*x**3/2 + 3*x**2. Let f = -3 + -8. What is the units digit of d(f)?
0
Suppose -2*x = 3*h - 196, 27 + 92 = 2*h - x. What is the units digit of h?
2
Suppose -30 = -3*p - 315. Let q = p + 189. Suppose 5*v = 239 - q. What is the units digit of v?
9
Suppose 0 = -4*m - 2*n + 14 + 10, -12 = -2*m + 5*n. Let d = m - 8. What is the units digit of -2 + 108/(-8)*d?
5
Let w = -58 - -60. Suppose 10 + 45 = w*n + t, -120 = -4*n - 4*t. What is the units digit of n?
5
Let t(x) = 9*x**2 - 9*x + 18. Let j = 13 - 9. What is the hundreds digit of t(j)?
1
Let u(l) = l - 44. Let s be u(16). Let x = -20 - s. What is the units digit of x?
8
Let q = 517 + -316. Let a = q - 137. What is the tens digit of a?
6
Suppose 0 = 2*r - 2 -